te?
True
Let w(a) = 4*a**3 + 4*a**2 - 3*a - 3. Let v be w(3). Suppose -2*l - 3 = -5*c - v, -328 = -4*l - 4*c. Is l a composite number?
True
Suppose -5*t = 3*f + 14 - 45, 0 = -2*t + 10. Suppose -1 + 71 = f*d. Is d composite?
True
Let m(c) = -33*c + 5. Let h be m(-6). Let k = 326 - 462. Let t = k + h. Is t composite?
False
Let l be (-273)/65 - 1/(-5). Is (-1141)/(-9) - l/18 composite?
False
Let a be (4 - -3)/(-1)*-1. Let b = 9 - a. Is b a composite number?
False
Let o be 44/(-5) - 2/10. Let y = o - -32. Suppose 0 = 2*w - w + 5*b - y, b = 5*w - 193. Is w a composite number?
True
Suppose -1823 + 409 = -2*y. Is y prime?
False
Let p(j) = -j**3 + 5*j**2 - 4*j + 2. Let k be p(4). Suppose -k*n - 29 = -99. Is n prime?
False
Let d(p) = -1 - 9*p + 1 - 2*p. Suppose -4*t - 7 - 21 = 0. Is d(t) a composite number?
True
Suppose 5*q = 59 + 2166. Is q prime?
False
Suppose -5*d + 2*j + 1 + 4 = 0, -2*j + 5 = 5*d. Is d - (9 + -3)/(-3) a prime number?
True
Suppose -199 = -t - 2*j, t + 418 = 3*t - j. Suppose -2*i - i = -t. Is i a composite number?
True
Let c(w) be the first derivative of -3*w**4/4 + 2*w**3/3 + w**2 + 3*w + 4. Is c(-2) composite?
False
Suppose 4*k = -8, 2*y - 5*k = -y + 649. Is y a composite number?
True
Is ((-2)/6)/((-2)/2262) prime?
False
Let o(w) = 3*w**2 + 12*w + 11. Suppose -4*p + 4*a = 32, p + a + 8 = 3*a. Let k be o(p). Let t = k - 28. Is t a composite number?
False
Suppose -2*n - 2*o - 662 = -7*o, 2*o + 1626 = -5*n. Let g = n + 459. Is g prime?
False
Suppose a = -5*v - 57 + 371, -4*v - 642 = -2*a. Is a a composite number?
True
Suppose -7 = 2*j + 4*c + 3, 0 = 5*c + 5. Let g(y) = -9*y + 4. Is g(j) a composite number?
False
Suppose 3*s = r + r + 127, -s = 3*r - 57. Is 2 + s - (-8)/(-8) a prime number?
False
Let l = 81 + -14. Is l composite?
False
Let p = 131 - 394. Let z = p - -474. Is z a prime number?
True
Let o = 171 + -97. Is o prime?
False
Let u(w) be the third derivative of -5*w**4/12 + w**3/6 - 4*w**2. Is u(-2) a prime number?
False
Suppose 6*f - 215 = 1183. Is f a composite number?
False
Is ((-2)/(-16))/((-1)/6778)*-4 prime?
True
Suppose -f = 4*f - 1935. Let x = 200 + f. Is x a prime number?
True
Let w be (-17)/4 + 2/8. Is w/18 + 2485/45 prime?
False
Suppose -2*c + 456 = 2*y, -14 = -y + 4*c + 209. Suppose 0 = -z - 0*z + 5*x + 231, -z + 4*x + y = 0. Is z prime?
True
Is (-12786)/(-14) + 2/(-7) a composite number?
True
Let c = -395 + 192. Let k = c - -348. Is k composite?
True
Let s(u) = 16*u**2 + 1. Is s(-4) composite?
False
Let v(c) = 5*c + 1. Let i(k) = -5*k**3 + 2*k**2 + k. Let l = -2 - -1. Let q be i(l). Is v(q) prime?
True
Let x = 266 - -116. Is x composite?
True
Suppose 0*q - 4216 = -8*q. Is q a composite number?
True
Let d be (-20)/(-10) + 0/2. Suppose -l - 4*y = -103, 4*l - 4*y - 372 = -0*y. Suppose t - l = -3*q, 4*t + d*q - 63 - 297 = 0. Is t prime?
True
Suppose -5*s = -2*s - 18. Let v be 2*1/(s/9). Suppose t = -v*t + 356. Is t a composite number?
False
Let f(w) = 4*w**3 - 6*w**2 - 8*w - 9. Let p(n) = -11*n**3 + 17*n**2 + 23*n + 26. Let s(g) = -17*f(g) - 6*p(g). Is s(-4) a composite number?
True
Let z(f) = 13*f**3 + f**2 - f. Let q be z(1). Let i(c) = c**3 - 3*c**2 - 7*c + 5. Let s be i(4). Let g = s + q. Is g a composite number?
True
Suppose 5*q = 27 - 2. Suppose 3154 = q*p + 809. Is p a composite number?
True
Let f be (28/6)/(1/21). Suppose 0*u - 4*w - f = -2*u, -3*w + 9 = 0. Is u a prime number?
False
Let v = -7 + 12. Suppose -v*h + 5*g + 1245 - 315 = 0, 4*h + g = 739. Is h a prime number?
False
Let w(j) = 4*j**2 - j - 1. Let t be w(-1). Suppose -2*s = 4*d - 330, -336 = -t*d + 3*s + s. Is d a prime number?
True
Let r(c) = 37*c - 5. Is r(8) composite?
True
Suppose 6*j - 24 = 2022. Is j composite?
True
Let u(p) = -p**2 + 4*p. Let k be u(4). Is ((-201)/(-3))/(k + 1) a composite number?
False
Let h(p) = -p**3. Let l be h(0). Suppose 0 = -3*x - 2*f + 15, -4*x - 5*f + 27 = -0*f. Suppose 4*i = x*q + 84 + 49, 3*i + 5*q - 136 = l. Is i a prime number?
True
Let h(q) = 230*q + 7. Is h(8) a composite number?
False
Let n(a) = a**3 + 14*a**2 + 5*a - 7. Suppose -2*i + 3*i + 4*l - 10 = 0, 8 = -4*i - 4*l. Is n(i) composite?
False
Let j = 9 + -13. Let w = j - -375. Is w composite?
True
Suppose 7*n = 2*n - 25. Let m be 2 + n - (-656 - -1). Suppose 5*t - 815 = 4*x, 2*t - m = -2*t + 4*x. Is t a composite number?
False
Suppose 0*o - 3*o = -6. Let u be 4/(((-9)/(-3))/(-6)). Is o/u - (-1493)/4 a composite number?
False
Suppose n = 3 + 1. Suppose -w + 104 = 2*a - 5*w, a - 70 = -n*w. Is a prime?
False
Suppose 5*r - 977 = -5*q + 3*q, -2*r + 6 = 0. Is q a prime number?
False
Let j(o) = o**3 - 5*o**2 + 3. Let p = 9 + -4. Let y be j(p). Suppose 27 + 462 = y*r. Is r prime?
True
Is 7186*5/(-20)*-2 prime?
True
Let j be (1 - -94) + (-10)/10. Suppose w + j = 3*w. Is w a prime number?
True
Let k(t) = -t**3 - 9*t**2 + 10*t + 5. Let m be k(-10). Suppose 4*b = m*c + 301, 2*c = 5*b + 3*c - 340. Is b composite?
True
Let r be 11 - (-2)/(-4)*2. Is (-132)/r*(-20)/8 composite?
True
Let f(c) = c**2 - 78. Let p be f(0). Is 1*(-2 - p/2) composite?
False
Let l(y) = 7*y**2 - y + 7. Is l(6) a composite number?
True
Suppose 0 = n + 5*s - 19, -s + 2*s - 2 = -2*n. Suppose -5*v - 2*c + 30 = 2, -2*c + 12 = v. Let k = n + v. Is k composite?
False
Let v(t) = 157*t**2 - t - 1. Let k be 6/(-3) + -1 + 2. Is v(k) a composite number?
False
Let m(y) be the second derivative of -5*y**3/6 + 13*y**2/2 + y. Is m(-6) prime?
True
Let k(u) = 17*u**3 - u**2 - 4*u - 13. Is k(4) prime?
False
Let c(q) = -47*q + 3. Let a(z) = 47*z - 3. Let j(u) = -2*a(u) - 3*c(u). Is j(4) prime?
False
Let p(a) be the first derivative of -a**5/20 - a**4/4 - a**3/3 + 7*a**2/2 + 3*a - 3. Let o(n) be the first derivative of p(n). Is o(-5) a prime number?
True
Suppose 162 = 3*g - 3*t, -g + 0*t = -2*t - 59. Is g composite?
True
Suppose 0 = 3*g - 461 + 92. Is g composite?
True
Let m(d) = 237*d**3 - d**2 + 2*d - 1. Is m(2) a composite number?
True
Let z(y) = -18*y - 4. Let p be z(-9). Let r = 248 - p. Let h = r - -55. Is h a prime number?
False
Let j(t) = 2*t**2. Let o be j(-3). Suppose 2*l - 32 = o. Is l a prime number?
False
Let t(y) = 7*y**3 + 7*y**2 - 5*y + 1. Is t(4) composite?
False
Let n(k) = 2*k**2 - 3*k - 1. Let r be n(-3). Is r + (0/1)/2 a prime number?
False
Let v(l) = l**3 + 3*l**2 - 1. Let k be v(2). Let t = k + -13. Is t a composite number?
True
Suppose -5*v - l = 609, -5*v + 4*l + l = 615. Let c = v - -348. Suppose 5*r + g - 287 = 0, 0*r - 4*r + c = -g. Is r a composite number?
True
Let c(z) = z**3 + 9*z**2 - 6*z + 13. Let f = -6 - -12. Let a = -15 + f. Is c(a) a prime number?
True
Let i(o) = -o**3 - o**2 + o + 51. Let d be (-3)/3 - (0 + -1). Is i(d) composite?
True
Let d = 1838 - 1197. Is d composite?
False
Let v(d) = 6*d**2 - d. Let k be v(1). Suppose -x - 644 = -k*x. Is x a prime number?
False
Is (-16)/40 - 2/(20/(-13394)) composite?
True
Let h(m) = 12*m**2 - m - 1. Suppose 3*p + 2 = 5*c, 0*p - 14 = c + 3*p. Is h(c) prime?
False
Is ((-237)/6)/((-3)/18) a composite number?
True
Let c = 241 - 107. Is c a composite number?
True
Suppose -k + 5*k - 20 = 0. Suppose q - 482 = c, k*q + c - 2442 = -2*c. Is q/10 + 6/15 a composite number?
True
Let i(k) = 3*k**3 + k - 4*k**3 - 2*k. Let l = 2 + -4. Is i(l) prime?
False
Let o(y) = 46*y**2 - 1. Let s be o(-1). Let a be (-52)/10*(-5 - -10). Let p = s + a. Is p composite?
False
Let l(n) = -n**2 + 4*n - 4. Let c(o) = 2*o**2 - 3*o + 5. Let a(h) = -2*c(h) - 3*l(h). Let r be a(-6). Suppose 395 = 3*w + r*w. Is w composite?
False
Let j(l) = 2*l + 8 - l - 13. Let a be j(7). Is (-1)/(-2) + 3/a a prime number?
True
Let g = 61 - 38. Is g a composite number?
False
Let v(l) be the third derivative of l**5/6 - l**4/12 + l**3/6 - 2*l**2. Let o(a) = -11*a**2 + 2*a. Let j(f) = 4*o(f) + 5*v(f). Is j(-4) a prime number?
True
Let a = -881 + 348. Let y = a - -770. Is y a composite number?
True
Let f(s) = s**3 + 8*s**2 - s - 5. Let z be f(-8). Suppose -c = -t - 2*t - 169, 0 = z*c - 2*t - 514. Is (c + 2/(-1))/2 prime?
False
Let r(o) = -o**3 - 2*o**2 + 3*o - 5. Let s = -18 - -11. Let t(j) = j + 3. Let c be t(s). Is r(c) prime?
False
Suppose -c - 108 = 3*c. Let t(p) = -p**3 + 13*p**2 + 13*p - 3. Let g be t(14). Let r = g - c. Is r prime?
False
Suppose 2*u + 259 = f, 2*f - u = 531 + 2. Suppose -